{"id":66770,"date":"2025-10-16T15:24:57","date_gmt":"2025-10-16T15:24:57","guid":{"rendered":"https:\/\/fcim.ca\/?page_id=66770"},"modified":"2025-10-18T17:40:17","modified_gmt":"2025-10-18T17:40:17","slug":"categorie-bronze","status":"publish","type":"page","link":"https:\/\/fcim.ca\/en\/categorie-bronze\/","title":{"rendered":"Bronze Category"},"content":{"rendered":"<hr style=\"background-color: #fff;\" \/>\n<div class=\"ezcol ezcol-one-half\"><a href=\"https:\/\/embassies.gov.il\/montreal\/AboutTheEmbassy\/Pages\/About-the-embassy.aspx\" target=\"_blank\" rel=\"noopener noreferrer\"><img decoding=\"async\" loading=\"lazy\" src=\"https:\/\/i0.wp.com\/fcim.ca\/wp-content\/uploads\/2020\/05\/sponsor-israel.png?resize=400%2C200\" alt=\"\" width=\"400\" height=\"200\" data-recalc-dims=\"1\" \/><\/a><\/div>\n<div class=\"ezcol ezcol-one-half ezcol-last\"><a href=\"https:\/\/museeholocauste.ca\/en\" target=\"_blank\" rel=\"noopener noreferrer\"><img decoding=\"async\" loading=\"lazy\" src=\"https:\/\/i0.wp.com\/fcim.ca\/wp-content\/uploads\/2020\/05\/sponsor-mhm.png?resize=400%2C200\" alt=\"\" width=\"400\" height=\"200\" data-recalc-dims=\"1\" \/><\/a><\/div><div class=\"ezcol-divider\"><\/div>\n<hr style=\"background-color: #fff;\" \/>\n<div class=\"ezcol ezcol-one-half\"><a href=\"https:\/\/cummingscentre.org\/\" target=\"_blank\" rel=\"noopener noreferrer\"><img decoding=\"async\" src=\"https:\/\/i0.wp.com\/fcim.ca\/wp-content\/uploads\/2020\/05\/sponsor-cummings.png?w=900&#038;ssl=1\" alt=\"\" class=\"\" data-recalc-dims=\"1\" \/><\/a><\/div>\n<div class=\"ezcol ezcol-one-half ezcol-last\"><\/div><div class=\"ezcol-divider\"><\/div>","protected":false},"excerpt":{"rendered":"<p class=\"continue-reading-button\"> <a class=\"continue-reading-link\" href=\"https:\/\/fcim.ca\/en\/categorie-bronze\/\">Read more<i class=\"crycon-right-dir\"><\/i><\/a><\/p>\n","protected":false},"author":1,"featured_media":0,"parent":0,"menu_order":0,"comment_status":"closed","ping_status":"closed","template":"templates\/template-onecolumn.php","meta":{"_mi_skip_tracking":false,"_monsterinsights_sitenote_active":false,"_monsterinsights_sitenote_note":"","_monsterinsights_sitenote_category":0,"jetpack_post_was_ever_published":true},"yoast_head":"<!-- This site is optimized with the Yoast SEO plugin v20.13 - https:\/\/yoast.com\/wordpress\/plugins\/seo\/ -->\n<title>Bronze Category - Israeli Film Festival of Montreal<\/title>\n<meta name=\"robots\" content=\"index, follow, max-snippet:-1, max-image-preview:large, max-video-preview:-1\" \/>\n<link rel=\"canonical\" href=\"https:\/\/fcim.ca\/categorie-bronze\/\" \/>\n<meta property=\"og:locale\" content=\"en_US\" \/>\n<meta property=\"og:type\" content=\"article\" \/>\n<meta property=\"og:title\" content=\"[:fr]Cat\u00e9gorie Bronze[:en]Bronze Category[:] - Israeli Film Festival of Montreal\" \/>\n<meta property=\"og:description\" content=\"Read more\" \/>\n<meta property=\"og:url\" content=\"https:\/\/fcim.ca\/categorie-bronze\/\" \/>\n<meta property=\"og:site_name\" content=\"Israeli Film Festival of Montreal\" \/>\n<meta property=\"article:publisher\" content=\"https:\/\/www.facebook.com\/Festival.cinema.israelien.mtl\" \/>\n<meta property=\"article:modified_time\" content=\"2025-10-18T17:40:17+00:00\" \/>\n<meta property=\"og:image\" content=\"http:\/\/fcim.ca\/wp-content\/uploads\/2020\/05\/sponsor-israel.png\" \/>\n<meta name=\"twitter:card\" content=\"summary_large_image\" \/>\n<meta name=\"twitter:label1\" content=\"Est. reading time\" \/>\n\t<meta name=\"twitter:data1\" content=\"2 minutes\" \/>\n<script type=\"application\/ld+json\" class=\"yoast-schema-graph\">{\"@context\":\"https:\/\/schema.org\",\"@graph\":[{\"@type\":\"WebPage\",\"@id\":\"https:\/\/fcim.ca\/categorie-bronze\/\",\"url\":\"https:\/\/fcim.ca\/categorie-bronze\/\",\"name\":\"[:fr]Cat\u00e9gorie Bronze[:en]Bronze Category[:] - Israeli Film Festival of Montreal\",\"isPartOf\":{\"@id\":\"https:\/\/fcim.ca\/#website\"},\"datePublished\":\"2025-10-16T15:24:57+00:00\",\"dateModified\":\"2025-10-18T17:40:17+00:00\",\"breadcrumb\":{\"@id\":\"https:\/\/fcim.ca\/categorie-bronze\/#breadcrumb\"},\"inLanguage\":\"en-US\",\"potentialAction\":[{\"@type\":\"ReadAction\",\"target\":[\"https:\/\/fcim.ca\/categorie-bronze\/\"]}]},{\"@type\":\"BreadcrumbList\",\"@id\":\"https:\/\/fcim.ca\/categorie-bronze\/#breadcrumb\",\"itemListElement\":[{\"@type\":\"ListItem\",\"position\":1,\"name\":\"Home\",\"item\":\"https:\/\/fcim.ca\/\"},{\"@type\":\"ListItem\",\"position\":2,\"name\":\"[:fr]Cat\u00e9gorie Bronze[:en]Bronze Category[:]\"}]},{\"@type\":\"WebSite\",\"@id\":\"https:\/\/fcim.ca\/#website\",\"url\":\"https:\/\/fcim.ca\/\",\"name\":\"Israeli Film Festival of Montreal\",\"description\":\"Through its themes, the Israeli Film Festival of Montreal aims to be an event that enriches the spectator, encourages the Unified Sephardic Community of Quebec to maintain this essential event in Montreal&#039;s cultural life.\",\"publisher\":{\"@id\":\"https:\/\/fcim.ca\/#organization\"},\"alternateName\":\"FCIM\",\"potentialAction\":[{\"@type\":\"SearchAction\",\"target\":{\"@type\":\"EntryPoint\",\"urlTemplate\":\"https:\/\/fcim.ca\/?s={search_term_string}\"},\"query-input\":\"required name=search_term_string\"}],\"inLanguage\":\"en-US\"},{\"@type\":\"Organization\",\"@id\":\"https:\/\/fcim.ca\/#organization\",\"name\":\"Festival du cin\u00e9ma isra\u00e9lien de Montr\u00e9al\",\"alternateName\":\"FCIM\",\"url\":\"https:\/\/fcim.ca\/\",\"logo\":{\"@type\":\"ImageObject\",\"inLanguage\":\"en-US\",\"@id\":\"https:\/\/fcim.ca\/#\/schema\/logo\/image\/\",\"url\":\"https:\/\/i0.wp.com\/fcim.ca\/wp-content\/uploads\/2023\/08\/logo_fcim_mono.png?fit=1200%2C589&ssl=1\",\"contentUrl\":\"https:\/\/i0.wp.com\/fcim.ca\/wp-content\/uploads\/2023\/08\/logo_fcim_mono.png?fit=1200%2C589&ssl=1\",\"width\":1200,\"height\":589,\"caption\":\"Festival du cin\u00e9ma isra\u00e9lien de Montr\u00e9al\"},\"image\":{\"@id\":\"https:\/\/fcim.ca\/#\/schema\/logo\/image\/\"},\"sameAs\":[\"https:\/\/www.facebook.com\/Festival.cinema.israelien.mtl\",\"https:\/\/www.instagram.com\/festival.cinema.israelien.mtl\/\"]}]}<\/script>\n<!-- \/ Yoast SEO plugin. -->","yoast_head_json":{"title":"[:fr]Cat\u00e9gorie Bronze[:en]Bronze Category[:] - Israeli Film Festival of Montreal","robots":{"index":"index","follow":"follow","max-snippet":"max-snippet:-1","max-image-preview":"max-image-preview:large","max-video-preview":"max-video-preview:-1"},"canonical":"https:\/\/fcim.ca\/categorie-bronze\/","og_locale":"en_US","og_type":"article","og_title":"[:fr]Cat\u00e9gorie Bronze[:en]Bronze Category[:] - Israeli Film Festival of Montreal","og_description":"Read more","og_url":"https:\/\/fcim.ca\/categorie-bronze\/","og_site_name":"Israeli Film Festival of Montreal","article_publisher":"https:\/\/www.facebook.com\/Festival.cinema.israelien.mtl","article_modified_time":"2025-10-18T17:40:17+00:00","og_image":[{"url":"http:\/\/fcim.ca\/wp-content\/uploads\/2020\/05\/sponsor-israel.png"}],"twitter_card":"summary_large_image","twitter_misc":{"Est. reading time":"2 minutes"},"schema":{"@context":"https:\/\/schema.org","@graph":[{"@type":"WebPage","@id":"https:\/\/fcim.ca\/categorie-bronze\/","url":"https:\/\/fcim.ca\/categorie-bronze\/","name":"[:fr]Cat\u00e9gorie Bronze[:en]Bronze Category[:] - Israeli Film Festival of Montreal","isPartOf":{"@id":"https:\/\/fcim.ca\/#website"},"datePublished":"2025-10-16T15:24:57+00:00","dateModified":"2025-10-18T17:40:17+00:00","breadcrumb":{"@id":"https:\/\/fcim.ca\/categorie-bronze\/#breadcrumb"},"inLanguage":"en-US","potentialAction":[{"@type":"ReadAction","target":["https:\/\/fcim.ca\/categorie-bronze\/"]}]},{"@type":"BreadcrumbList","@id":"https:\/\/fcim.ca\/categorie-bronze\/#breadcrumb","itemListElement":[{"@type":"ListItem","position":1,"name":"Home","item":"https:\/\/fcim.ca\/"},{"@type":"ListItem","position":2,"name":"[:fr]Cat\u00e9gorie Bronze[:en]Bronze Category[:]"}]},{"@type":"WebSite","@id":"https:\/\/fcim.ca\/#website","url":"https:\/\/fcim.ca\/","name":"Israeli Film Festival of Montreal","description":"Through its themes, the Israeli Film Festival of Montreal aims to be an event that enriches the spectator, encourages the Unified Sephardic Community of Quebec to maintain this essential event in Montreal&#039;s cultural life.","publisher":{"@id":"https:\/\/fcim.ca\/#organization"},"alternateName":"FCIM","potentialAction":[{"@type":"SearchAction","target":{"@type":"EntryPoint","urlTemplate":"https:\/\/fcim.ca\/?s={search_term_string}"},"query-input":"required name=search_term_string"}],"inLanguage":"en-US"},{"@type":"Organization","@id":"https:\/\/fcim.ca\/#organization","name":"Festival du cin\u00e9ma isra\u00e9lien de Montr\u00e9al","alternateName":"FCIM","url":"https:\/\/fcim.ca\/","logo":{"@type":"ImageObject","inLanguage":"en-US","@id":"https:\/\/fcim.ca\/#\/schema\/logo\/image\/","url":"https:\/\/i0.wp.com\/fcim.ca\/wp-content\/uploads\/2023\/08\/logo_fcim_mono.png?fit=1200%2C589&ssl=1","contentUrl":"https:\/\/i0.wp.com\/fcim.ca\/wp-content\/uploads\/2023\/08\/logo_fcim_mono.png?fit=1200%2C589&ssl=1","width":1200,"height":589,"caption":"Festival du cin\u00e9ma isra\u00e9lien de Montr\u00e9al"},"image":{"@id":"https:\/\/fcim.ca\/#\/schema\/logo\/image\/"},"sameAs":["https:\/\/www.facebook.com\/Festival.cinema.israelien.mtl","https:\/\/www.instagram.com\/festival.cinema.israelien.mtl\/"]}]}},"jetpack_sharing_enabled":true,"jetpack_shortlink":"https:\/\/wp.me\/P67WrL-hmW","_links":{"self":[{"href":"https:\/\/fcim.ca\/en\/wp-json\/wp\/v2\/pages\/66770"}],"collection":[{"href":"https:\/\/fcim.ca\/en\/wp-json\/wp\/v2\/pages"}],"about":[{"href":"https:\/\/fcim.ca\/en\/wp-json\/wp\/v2\/types\/page"}],"author":[{"embeddable":true,"href":"https:\/\/fcim.ca\/en\/wp-json\/wp\/v2\/users\/1"}],"replies":[{"embeddable":true,"href":"https:\/\/fcim.ca\/en\/wp-json\/wp\/v2\/comments?post=66770"}],"version-history":[{"count":5,"href":"https:\/\/fcim.ca\/en\/wp-json\/wp\/v2\/pages\/66770\/revisions"}],"predecessor-version":[{"id":66796,"href":"https:\/\/fcim.ca\/en\/wp-json\/wp\/v2\/pages\/66770\/revisions\/66796"}],"wp:attachment":[{"href":"https:\/\/fcim.ca\/en\/wp-json\/wp\/v2\/media?parent=66770"}],"curies":[{"name":"wp","href":"https:\/\/api.w.org\/{rel}","templated":true}]}}

<!-- This site is optimized with the Yoast SEO plugin v20.13 - https://yoast.com/wordpress/plugins/seo/ -->
<title>Bronze Category - Israeli Film Festival of Montreal</title>
<meta name="robots" content="index, follow, max-snippet:-1, max-image-preview:large, max-video-preview:-1" />
<link rel="canonical" href="https://fcim.ca/categorie-bronze/" />
<meta property="og:locale" content="en_US" />
<meta property="og:type" content="article" />
<meta property="og:title" content="[:fr]Catégorie Bronze[:en]Bronze Category[:] - Israeli Film Festival of Montreal" />
<meta property="og:description" content="Read more" />
<meta property="og:url" content="https://fcim.ca/categorie-bronze/" />
<meta property="og:site_name" content="Israeli Film Festival of Montreal" />
<meta property="article:publisher" content="https://www.facebook.com/Festival.cinema.israelien.mtl" />
<meta property="article:modified_time" content="2025-10-18T17:40:17+00:00" />
<meta property="og:image" content="http://fcim.ca/wp-content/uploads/2020/05/sponsor-israel.png" />
<meta name="twitter:card" content="summary_large_image" />
<meta name="twitter:label1" content="Est. reading time" />
	<meta name="twitter:data1" content="2 minutes" />
<script type="application/ld+json" class="yoast-schema-graph">{"@context":"https://schema.org","@graph":[{"@type":"WebPage","@id":"https://fcim.ca/categorie-bronze/","url":"https://fcim.ca/categorie-bronze/","name":"[:fr]Catégorie Bronze[:en]Bronze Category[:] - Israeli Film Festival of Montreal","isPartOf":{"@id":"https://fcim.ca/#website"},"datePublished":"2025-10-16T15:24:57+00:00","dateModified":"2025-10-18T17:40:17+00:00","breadcrumb":{"@id":"https://fcim.ca/categorie-bronze/#breadcrumb"},"inLanguage":"en-US","potentialAction":[{"@type":"ReadAction","target":["https://fcim.ca/categorie-bronze/"]}]},{"@type":"BreadcrumbList","@id":"https://fcim.ca/categorie-bronze/#breadcrumb","itemListElement":[{"@type":"ListItem","position":1,"name":"Home","item":"https://fcim.ca/"},{"@type":"ListItem","position":2,"name":"[:fr]Catégorie Bronze[:en]Bronze Category[:]"}]},{"@type":"WebSite","@id":"https://fcim.ca/#website","url":"https://fcim.ca/","name":"Israeli Film Festival of Montreal","description":"Through its themes, the Israeli Film Festival of Montreal aims to be an event that enriches the spectator, encourages the Unified Sephardic Community of Quebec to maintain this essential event in Montreal&#039;s cultural life.","publisher":{"@id":"https://fcim.ca/#organization"},"alternateName":"FCIM","potentialAction":[{"@type":"SearchAction","target":{"@type":"EntryPoint","urlTemplate":"https://fcim.ca/?s={search_term_string}"},"query-input":"required name=search_term_string"}],"inLanguage":"en-US"},{"@type":"Organization","@id":"https://fcim.ca/#organization","name":"Festival du cinéma israélien de Montréal","alternateName":"FCIM","url":"https://fcim.ca/","logo":{"@type":"ImageObject","inLanguage":"en-US","@id":"https://fcim.ca/#/schema/logo/image/","url":"https://i0.wp.com/fcim.ca/wp-content/uploads/2023/08/logo_fcim_mono.png?fit=1200%2C589&ssl=1","contentUrl":"https://i0.wp.com/fcim.ca/wp-content/uploads/2023/08/logo_fcim_mono.png?fit=1200%2C589&ssl=1","width":1200,"height":589,"caption":"Festival du cinéma israélien de Montréal"},"image":{"@id":"https://fcim.ca/#/schema/logo/image/"},"sameAs":["https://www.facebook.com/Festival.cinema.israelien.mtl","https://www.instagram.com/festival.cinema.israelien.mtl/"]}]}</script>
<!-- / Yoast SEO plugin. -->

[:fr]Catégorie Bronze[:en]Bronze Category[:] - Israeli Film Festival of Montreal

[:fr]Catégorie Bronze[:en]Bronze Category[:]

Festival du cinéma israélien de Montréal
